{"id":451,"date":"2022-09-28T13:10:14","date_gmt":"2022-09-28T11:10:14","guid":{"rendered":"https:\/\/zesar.dev.hayloft-it.ch\/?page_id=451"},"modified":"2024-09-19T10:50:33","modified_gmt":"2024-09-19T08:50:33","slug":"leistungen","status":"publish","type":"page","link":"https:\/\/zesar.ch\/fr\/formation\/prestations\/","title":{"rendered":"Prestations \u00c9ducation"},"content":{"rendered":"<div class=\"wp-block-media-text alignwide has-media-on-the-right is-stacked-on-mobile is-vertically-aligned-top header-with-title-lead-and-image\"><div class=\"wp-block-media-text__content\">\n<h1>Nos prestations dans le domaine de l'\u00e9ducation&nbsp;<\/h1>\n\n\n\n<p>Profitez de notre longue exp\u00e9rience dans le domaine du mobilier scolaire. Ensemble, nous concevons des espaces d'apprentissage modernes et favorisons une attitude saine chez les apprenants de tous les \u00e2ges.&nbsp;<\/p>\n<\/div><figure class=\"wp-block-media-text__media\"><img data-dominant-color=\"bcbcba\" data-has-transparency=\"false\" style=\"--dominant-color: #bcbcba;\" decoding=\"async\" src=\"https:\/\/zesar.ch\/wp-content\/uploads\/2022\/10\/schulmoebel-mobiliar-bildung-zesar.jpg\" alt=\"\" class=\"not-transparent wp-image-3126 size-full\"\/><\/figure><\/div>\n\n\n\n<div class=\"is-layout-constrained wp-block-group alignfull has-grey-to-light-grey-gradient-background has-background\"><div class=\"wp-block-services alignwide\">\n            <article class=\"post-2670 service type-service status-publish hentry service_cat-bildung\">\n    <i class=\"wp-block-icon icon icon-umfassendes-Know-How\"><\/i>\n    <h4>Un savoir-faire complet savoir-faire<\/h4>\n    <p class=\"excerpt\">Zesar.ch SA, Ergoexpert SA et Agytec SA travaillent ensemble en tant que groupe sous un m\u00eame toit. Vous b\u00e9n\u00e9ficiez d'un savoir-faire en mati\u00e8re d'ergonomie, de mat\u00e9riaux et de technique. Nous pouvons vous offrir une comp\u00e9tence num\u00e9rique gr\u00e2ce \u00e0 notre actionnariat \u00e0 l'entreprise airtime.<\/p>\n<\/article>            <article class=\"post-2676 service type-service status-publish hentry service_cat-bildung\">\n    <i class=\"wp-block-icon icon icon-persoenlicher-Kontakt\"><\/i>\n    <h4>Contact personnel<\/h4>\n    <p class=\"excerpt\">Nous vous garantissons le meilleur suivi possible par une personne de contact personnelle. Elle s'occupe de votre projet de A \u00e0 Z et se tient \u00e0 votre disposition pour r\u00e9pondre \u00e0 vos questions.<\/p>\n<\/article>            <article class=\"post-2674 service type-service status-publish hentry service_cat-bildung\">\n    <i class=\"wp-block-icon icon icon-Nachlieferung-Ersatzteile\"><\/i>\n    <h4>Livraison ult\u00e9rieure et pi\u00e8ces de rechange<\/h4>\n    <p class=\"excerpt\">Vous avez command\u00e9 une chaise en trop ? Pas de probl\u00e8me, nous livrons aussi des pi\u00e8ces \u00e0 l'unit\u00e9. Tous les \u00e9l\u00e9ments de nos meubles peuvent \u00eatre remplac\u00e9s individuellement. Les pi\u00e8ces de rechange sont stock\u00e9es chez nous \u00e0 Tavannes et sont livr\u00e9es rapidement.<\/p>\n<\/article>            <article class=\"post-2619 service type-service status-publish hentry service_cat-bildung\">\n    <i class=\"wp-block-icon icon icon-Nachhaltigkeit\"><\/i>\n    <h4>Durabilit\u00e9<\/h4>\n    <p class=\"excerpt\">Pour Zesar.ch, l'\u00e9conomie circulaire est la priorit\u00e9 absolue. Nos produits et services doivent \u00eatre durables au maximum. Les meubles mis au rebut re\u00e7oivent une seconde vie par le biais d'\u0153uvres de bienfaisance ou sont recycl\u00e9s dans notre entreprise.<\/p>\n<\/article>            <article class=\"post-2672 service type-service status-publish hentry service_cat-bildung\">\n    <i class=\"wp-block-icon icon icon-Lieferung-Installation\"><\/i>\n    <h4>Livraison et installation<\/h4>\n    <p class=\"excerpt\">Nous veillons personnellement \u00e0 ce que votre commande soit livr\u00e9e dans les d\u00e9lais. Nous transportons votre nouveau mobilier scolaire avec nos propres v\u00e9hicules, prot\u00e9g\u00e9s par des couvertures r\u00e9utilisables, jusqu'\u00e0 votre salle de classe. L\u00e0, nous nous chargeons de l'installation pour vous.<\/p>\n<\/article>            <article class=\"post-2609 service type-service status-publish hentry service_cat-bildung\">\n    <i class=\"wp-block-icon icon icon-Herstellung\"><\/i>\n    <h4>Fabrication<\/h4>\n    <p class=\"excerpt\">De la conception \u00e0 la fabrication, nos chaises et pupitres ergonomiques ainsi que nos meubles sont fabriqu\u00e9s \u00e0 Tavannes (BE).<\/p>\n<\/article>            <article class=\"post-2570 service type-service status-publish hentry service_cat-bildung\">\n    <i class=\"wp-block-icon icon icon-Analyse-Beratung\"><\/i>\n    <h4>Analyse et conseil<\/h4>\n    <p class=\"excerpt\">Chaque institution d'enseignement a des besoins diff\u00e9rents. Afin de trouver la meilleure solution viable pour vous, nos sp\u00e9cialistes se rendent sur place pour se faire une id\u00e9e de votre situation.<\/p>\n<\/article>    <\/div><\/div>\n\n\n\n<div class=\"is-layout-constrained wp-block-group alignwide contact-persons\">\n<div class=\"is-layout-constrained wp-block-group\">\n<h2>Pouvons-nous \u00e9galement \u00e9quiper vos locaux ?<\/h2>\n\n\n\n<p class=\"has-medium-font-size\">Notre \u00e9quipe se tient \u00e0 votre disposition pour r\u00e9pondre \u00e0 vos questions.<\/p>\n<\/div>\n\n\n\n<div style=\"height:100px\" aria-hidden=\"true\" class=\"wp-block-spacer\"><\/div>\n\n\n\n<div class=\"is-layout-constrained wp-block-group alignwide\">\n<h3>Vos contacts<\/h3>\n\n\n<div id=\"block_916a327d5dcdbf008e8a5f6bb65b1a73\" class=\"wp-block-employees alignwide\">\n            <article class=\"post-8767 employee type-employee status-publish hentry department-verkauf employee_cat-ansprechpartner-bildung\" data-categories=\"verkauf\">\n    <div class=\"image-wrapper\">\n        <img width=\"1024\" height=\"741\" src=\"https:\/\/zesar.ch\/wp-content\/uploads\/2024\/08\/xavier-pillonel.png\" class=\"attachment-large size-large not-transparent\" alt=\"\" decoding=\"async\" loading=\"lazy\" srcset=\"https:\/\/zesar.ch\/wp-content\/uploads\/2024\/08\/xavier-pillonel.png 1024w, https:\/\/zesar.ch\/wp-content\/uploads\/2024\/08\/xavier-pillonel-300x217.png 300w, https:\/\/zesar.ch\/wp-content\/uploads\/2024\/08\/xavier-pillonel-768x556.png 768w, https:\/\/zesar.ch\/wp-content\/uploads\/2024\/08\/xavier-pillonel-18x12.png 18w, https:\/\/zesar.ch\/wp-content\/uploads\/2024\/08\/xavier-pillonel-350x253.png 350w, https:\/\/zesar.ch\/wp-content\/uploads\/2024\/08\/xavier-pillonel-600x434.png 600w\" sizes=\"(max-width: 1024px) 100vw, 1024px\" data-has-transparency=\"false\" data-dominant-color=\"bcb7b4\" style=\"--dominant-color: #bcb7b4;\" \/>    <\/div>\n    <div class=\"data-wrapper\">\n        <strong>\n            Xavier Pillonel                    <\/strong>\n                    <span class=\"responsibility\">Conseiller de vente - mobilier scolaire - Cantons de Gen\u00e8ve et Vaud<\/span>\n                            <footer class=\"contact\">\n                                    <a href=\"mailto:xavier.pillonel@zesar.ch\" class=\"email\">xavier.pillonel@zesar.ch<\/a>\n                                                    <a href=\"tel:079 175 89 29\" class=\"phone\">079 175 89 29<\/a>\n                            <\/footer>\n            <\/div>\n<\/article>            <article class=\"post-721 employee type-employee status-publish hentry department-verkauf employee_cat-ansprechpartner-bildung\" data-categories=\"verkauf\">\n    <div class=\"image-wrapper\">\n        <img width=\"1024\" height=\"741\" src=\"https:\/\/zesar.ch\/wp-content\/uploads\/2022\/10\/Czemp-1024x741.png\" class=\"attachment-large size-large not-transparent\" alt=\"\" decoding=\"async\" loading=\"lazy\" srcset=\"https:\/\/zesar.ch\/wp-content\/uploads\/2022\/10\/Czemp-1024x741.png 1024w, https:\/\/zesar.ch\/wp-content\/uploads\/2022\/10\/Czemp-350x253.png 350w, https:\/\/zesar.ch\/wp-content\/uploads\/2022\/10\/Czemp-600x434.png 600w, https:\/\/zesar.ch\/wp-content\/uploads\/2022\/10\/Czemp-300x217.png 300w, https:\/\/zesar.ch\/wp-content\/uploads\/2022\/10\/Czemp-768x556.png 768w, https:\/\/zesar.ch\/wp-content\/uploads\/2022\/10\/Czemp-18x12.png 18w, https:\/\/zesar.ch\/wp-content\/uploads\/2022\/10\/Czemp.png 1080w\" sizes=\"(max-width: 1024px) 100vw, 1024px\" data-has-transparency=\"false\" data-dominant-color=\"cdc6c0\" style=\"--dominant-color: #cdc6c0;\" \/>    <\/div>\n    <div class=\"data-wrapper\">\n        <strong>\n            Christof Zemp                    <\/strong>\n                    <span class=\"responsibility\">Conseiller de vente \u2013 Suisse al\u00e9manique - Est, Nord-Est et Suisse centrale<\/span>\n                            <footer class=\"contact\">\n                                    <a href=\"mailto:christof.zemp@zesar.ch\" class=\"email\">christof.zemp@zesar.ch<\/a>\n                                                    <a href=\"tel:079 100 41 41\" class=\"phone\">079 100 41 41<\/a>\n                            <\/footer>\n            <\/div>\n<\/article>            <article class=\"post-717 employee type-employee status-publish hentry department-geschaeftsleitung department-verkauf employee_cat-ansprechpartner-bildung employee_cat-ansprechpartner-industrie\" data-categories=\"geschaeftsleitung verkauf\">\n    <div class=\"image-wrapper\">\n        <img width=\"1024\" height=\"741\" src=\"https:\/\/zesar.ch\/wp-content\/uploads\/2022\/10\/Philippe-lehmann-1-1024x741.png\" class=\"attachment-large size-large has-transparency\" alt=\"\" decoding=\"async\" loading=\"lazy\" srcset=\"https:\/\/zesar.ch\/wp-content\/uploads\/2022\/10\/Philippe-lehmann-1-1024x741.png 1024w, https:\/\/zesar.ch\/wp-content\/uploads\/2022\/10\/Philippe-lehmann-1-300x217.png 300w, https:\/\/zesar.ch\/wp-content\/uploads\/2022\/10\/Philippe-lehmann-1-768x556.png 768w, https:\/\/zesar.ch\/wp-content\/uploads\/2022\/10\/Philippe-lehmann-1-18x12.png 18w, https:\/\/zesar.ch\/wp-content\/uploads\/2022\/10\/Philippe-lehmann-1-350x253.png 350w, https:\/\/zesar.ch\/wp-content\/uploads\/2022\/10\/Philippe-lehmann-1-600x434.png 600w, https:\/\/zesar.ch\/wp-content\/uploads\/2022\/10\/Philippe-lehmann-1.png 1080w\" sizes=\"(max-width: 1024px) 100vw, 1024px\" data-has-transparency=\"true\" data-dominant-color=\"b9b0a9\" style=\"--dominant-color: #b9b0a9;\" \/>    <\/div>\n    <div class=\"data-wrapper\">\n        <strong>\n            Philippe Lehmann                            <span class=\"position\">Membre de la direction<span>\n                    <\/strong>\n                    <span class=\"responsibility\">Responsable des ventes - Suisse romande &amp; Haut-Valais<\/span>\n                            <footer class=\"contact\">\n                                    <a href=\"mailto:philippe.lehmann@zesar.ch\" class=\"email\">philippe.lehmann@zesar.ch<\/a>\n                                                    <a href=\"tel:079 100 23 23\" class=\"phone\">079 100 23 23<\/a>\n                            <\/footer>\n            <\/div>\n<\/article>            <article class=\"post-715 employee type-employee status-publish hentry department-verkauf employee_cat-ansprechpartner-bildung\" data-categories=\"verkauf\">\n    <div class=\"image-wrapper\">\n        <img width=\"1024\" height=\"741\" src=\"https:\/\/zesar.ch\/wp-content\/uploads\/2022\/10\/Anita-Althaus-1024x741.png\" class=\"attachment-large size-large not-transparent\" alt=\"\" decoding=\"async\" loading=\"lazy\" srcset=\"https:\/\/zesar.ch\/wp-content\/uploads\/2022\/10\/Anita-Althaus-1024x741.png 1024w, https:\/\/zesar.ch\/wp-content\/uploads\/2022\/10\/Anita-Althaus-350x253.png 350w, https:\/\/zesar.ch\/wp-content\/uploads\/2022\/10\/Anita-Althaus-600x434.png 600w, https:\/\/zesar.ch\/wp-content\/uploads\/2022\/10\/Anita-Althaus-300x217.png 300w, https:\/\/zesar.ch\/wp-content\/uploads\/2022\/10\/Anita-Althaus-768x556.png 768w, https:\/\/zesar.ch\/wp-content\/uploads\/2022\/10\/Anita-Althaus-18x12.png 18w, https:\/\/zesar.ch\/wp-content\/uploads\/2022\/10\/Anita-Althaus.png 1080w\" sizes=\"(max-width: 1024px) 100vw, 1024px\" data-has-transparency=\"false\" data-dominant-color=\"c2bbb5\" style=\"--dominant-color: #c2bbb5;\" \/>    <\/div>\n    <div class=\"data-wrapper\">\n        <strong>\n            Anita Althaus                    <\/strong>\n                    <span class=\"responsibility\">Conseill\u00e8re de vente - Suisse al\u00e9manique \u2013 Cantons de Berne et Fribourg<\/span>\n                            <footer class=\"contact\">\n                                    <a href=\"mailto:anita.althaus@zesar.ch\" class=\"email\">anita.althaus@zesar.ch<\/a>\n                                                    <a href=\"tel:079 797 59 65\" class=\"phone\">079 797 59 65<\/a>\n                            <\/footer>\n            <\/div>\n<\/article>    <\/div><\/div>\n\n\n\n<div class=\"is-layout-constrained wp-block-group hide-on-desktop is-style-box has-white-background-color has-background\">\n<h4 class=\"has-primary-color has-text-color\">Visio-conf\u00e9rence<\/h4>\n\n\n\n<p>Nous pouvons aussi nous rencontrer virtuellement.<\/p>\n\n\n\n<div class=\"is-layout-flex wp-block-buttons\">\n<div class=\"wp-block-button is-style-small\"><a class=\"wp-block-button__link wp-element-button\" href=\"\/fr\/\">Planifier un rendez-vous<\/a><\/div>\n<\/div>\n<\/div>\n<\/div>","protected":false},"excerpt":{"rendered":"<p>Unsere Leistungen im Bereich Bildung&nbsp; Profitieren Sie von unserer langj\u00e4hrigen Erfahrung im Bereich des Schulmobiliars. Gemeinsam gestalten wir moderne Lernr\u00e4ume und f\u00f6rdern die gesunde Haltung von Lernenden jeden Alters.&nbsp;<\/p>","protected":false},"author":1,"featured_media":0,"parent":435,"menu_order":0,"comment_status":"closed","ping_status":"closed","template":"","meta":[],"acf":[],"_links":{"self":[{"href":"https:\/\/zesar.ch\/fr\/wp-json\/wp\/v2\/pages\/451"}],"collection":[{"href":"https:\/\/zesar.ch\/fr\/wp-json\/wp\/v2\/pages"}],"about":[{"href":"https:\/\/zesar.ch\/fr\/wp-json\/wp\/v2\/types\/page"}],"author":[{"embeddable":true,"href":"https:\/\/zesar.ch\/fr\/wp-json\/wp\/v2\/users\/1"}],"replies":[{"embeddable":true,"href":"https:\/\/zesar.ch\/fr\/wp-json\/wp\/v2\/comments?post=451"}],"version-history":[{"count":38,"href":"https:\/\/zesar.ch\/fr\/wp-json\/wp\/v2\/pages\/451\/revisions"}],"predecessor-version":[{"id":10562,"href":"https:\/\/zesar.ch\/fr\/wp-json\/wp\/v2\/pages\/451\/revisions\/10562"}],"up":[{"embeddable":true,"href":"https:\/\/zesar.ch\/fr\/wp-json\/wp\/v2\/pages\/435"}],"wp:attachment":[{"href":"https:\/\/zesar.ch\/fr\/wp-json\/wp\/v2\/media?parent=451"}],"curies":[{"name":"wp","href":"https:\/\/api.w.org\/{rel}","templated":true}]}}

Prestations Éducation

<div class="wp-block-media-text alignwide has-media-on-the-right is-stacked-on-mobile is-vertically-aligned-top header-with-title-lead-and-image"><div class="wp-block-media-text__content">
<h1>Nos prestations dans le domaine de l'éducation&nbsp;</h1>



<p>Profitez de notre longue expérience dans le domaine du mobilier scolaire. Ensemble, nous concevons des espaces d'apprentissage modernes et favorisons une attitude saine chez les apprenants de tous les âges.&nbsp;</p>
</div><figure class="wp-block-media-text__media"><img data-dominant-color="bcbcba" data-has-transparency="false" style="--dominant-color: #bcbcba;" decoding="async" src="https://zesar.ch/wp-content/uploads/2022/10/schulmoebel-mobiliar-bildung-zesar.jpg" alt="" class="not-transparent wp-image-3126 size-full"/></figure></div>



<div class="is-layout-constrained wp-block-group alignfull has-grey-to-light-grey-gradient-background has-background"><div class="wp-block-services alignwide">
            <article class="post-2670 service type-service status-publish hentry service_cat-bildung">
    <i class="wp-block-icon icon icon-umfassendes-Know-How"></i>
    <h4>Un savoir-faire complet savoir-faire</h4>
    <p class="excerpt">Zesar.ch SA, Ergoexpert SA et Agytec SA travaillent ensemble en tant que groupe sous un même toit. Vous bénéficiez d'un savoir-faire en matière d'ergonomie, de matériaux et de technique. Nous pouvons vous offrir une compétence numérique grâce à notre actionnariat à l'entreprise airtime.</p>
</article>            <article class="post-2676 service type-service status-publish hentry service_cat-bildung">
    <i class="wp-block-icon icon icon-persoenlicher-Kontakt"></i>
    <h4>Contact personnel</h4>
    <p class="excerpt">Nous vous garantissons le meilleur suivi possible par une personne de contact personnelle. Elle s'occupe de votre projet de A à Z et se tient à votre disposition pour répondre à vos questions.</p>
</article>            <article class="post-2674 service type-service status-publish hentry service_cat-bildung">
    <i class="wp-block-icon icon icon-Nachlieferung-Ersatzteile"></i>
    <h4>Livraison ultérieure et pièces de rechange</h4>
    <p class="excerpt">Vous avez commandé une chaise en trop ? Pas de problème, nous livrons aussi des pièces à l'unité. Tous les éléments de nos meubles peuvent être remplacés individuellement. Les pièces de rechange sont stockées chez nous à Tavannes et sont livrées rapidement.</p>
</article>            <article class="post-2619 service type-service status-publish hentry service_cat-bildung">
    <i class="wp-block-icon icon icon-Nachhaltigkeit"></i>
    <h4>Durabilité</h4>
    <p class="excerpt">Pour Zesar.ch, l'économie circulaire est la priorité absolue. Nos produits et services doivent être durables au maximum. Les meubles mis au rebut reçoivent une seconde vie par le biais d'œuvres de bienfaisance ou sont recyclés dans notre entreprise.</p>
</article>            <article class="post-2672 service type-service status-publish hentry service_cat-bildung">
    <i class="wp-block-icon icon icon-Lieferung-Installation"></i>
    <h4>Livraison et installation</h4>
    <p class="excerpt">Nous veillons personnellement à ce que votre commande soit livrée dans les délais. Nous transportons votre nouveau mobilier scolaire avec nos propres véhicules, protégés par des couvertures réutilisables, jusqu'à votre salle de classe. Là, nous nous chargeons de l'installation pour vous.</p>
</article>            <article class="post-2609 service type-service status-publish hentry service_cat-bildung">
    <i class="wp-block-icon icon icon-Herstellung"></i>
    <h4>Fabrication</h4>
    <p class="excerpt">De la conception à la fabrication, nos chaises et pupitres ergonomiques ainsi que nos meubles sont fabriqués à Tavannes (BE).</p>
</article>            <article class="post-2570 service type-service status-publish hentry service_cat-bildung">
    <i class="wp-block-icon icon icon-Analyse-Beratung"></i>
    <h4>Analyse et conseil</h4>
    <p class="excerpt">Chaque institution d'enseignement a des besoins différents. Afin de trouver la meilleure solution viable pour vous, nos spécialistes se rendent sur place pour se faire une idée de votre situation.</p>
</article>    </div></div>



<div class="is-layout-constrained wp-block-group alignwide contact-persons">
<div class="is-layout-constrained wp-block-group">
<h2>Pouvons-nous également équiper vos locaux ?</h2>



<p class="has-medium-font-size">Notre équipe se tient à votre disposition pour répondre à vos questions.</p>
</div>



<div style="height:100px" aria-hidden="true" class="wp-block-spacer"></div>



<div class="is-layout-constrained wp-block-group alignwide">
<h3>Vos contacts</h3>


<div id="block_916a327d5dcdbf008e8a5f6bb65b1a73" class="wp-block-employees alignwide">
            <article class="post-8767 employee type-employee status-publish hentry department-verkauf employee_cat-ansprechpartner-bildung" data-categories="verkauf">
    <div class="image-wrapper">
        <img width="1024" height="741" src="https://zesar.ch/wp-content/uploads/2024/08/xavier-pillonel.png" class="attachment-large size-large not-transparent" alt="" decoding="async" loading="lazy" srcset="https://zesar.ch/wp-content/uploads/2024/08/xavier-pillonel.png 1024w, https://zesar.ch/wp-content/uploads/2024/08/xavier-pillonel-300x217.png 300w, https://zesar.ch/wp-content/uploads/2024/08/xavier-pillonel-768x556.png 768w, https://zesar.ch/wp-content/uploads/2024/08/xavier-pillonel-18x12.png 18w, https://zesar.ch/wp-content/uploads/2024/08/xavier-pillonel-350x253.png 350w, https://zesar.ch/wp-content/uploads/2024/08/xavier-pillonel-600x434.png 600w" sizes="(max-width: 1024px) 100vw, 1024px" data-has-transparency="false" data-dominant-color="bcb7b4" style="--dominant-color: #bcb7b4;" />    </div>
    <div class="data-wrapper">
        <strong>
            Xavier Pillonel                    </strong>
                    <span class="responsibility">Conseiller de vente - mobilier scolaire - Cantons de Genève et Vaud</span>
                            <footer class="contact">
                                    <a href="mailto:xavier.pillonel@zesar.ch" class="email">xavier.pillonel@zesar.ch</a>
                                                    <a href="tel:079 175 89 29" class="phone">079 175 89 29</a>
                            </footer>
            </div>
</article>            <article class="post-721 employee type-employee status-publish hentry department-verkauf employee_cat-ansprechpartner-bildung" data-categories="verkauf">
    <div class="image-wrapper">
        <img width="1024" height="741" src="https://zesar.ch/wp-content/uploads/2022/10/Czemp-1024x741.png" class="attachment-large size-large not-transparent" alt="" decoding="async" loading="lazy" srcset="https://zesar.ch/wp-content/uploads/2022/10/Czemp-1024x741.png 1024w, https://zesar.ch/wp-content/uploads/2022/10/Czemp-350x253.png 350w, https://zesar.ch/wp-content/uploads/2022/10/Czemp-600x434.png 600w, https://zesar.ch/wp-content/uploads/2022/10/Czemp-300x217.png 300w, https://zesar.ch/wp-content/uploads/2022/10/Czemp-768x556.png 768w, https://zesar.ch/wp-content/uploads/2022/10/Czemp-18x12.png 18w, https://zesar.ch/wp-content/uploads/2022/10/Czemp.png 1080w" sizes="(max-width: 1024px) 100vw, 1024px" data-has-transparency="false" data-dominant-color="cdc6c0" style="--dominant-color: #cdc6c0;" />    </div>
    <div class="data-wrapper">
        <strong>
            Christof Zemp                    </strong>
                    <span class="responsibility">Conseiller de vente – Suisse alémanique - Est, Nord-Est et Suisse centrale</span>
                            <footer class="contact">
                                    <a href="mailto:christof.zemp@zesar.ch" class="email">christof.zemp@zesar.ch</a>
                                                    <a href="tel:079 100 41 41" class="phone">079 100 41 41</a>
                            </footer>
            </div>
</article>            <article class="post-717 employee type-employee status-publish hentry department-geschaeftsleitung department-verkauf employee_cat-ansprechpartner-bildung employee_cat-ansprechpartner-industrie" data-categories="geschaeftsleitung verkauf">
    <div class="image-wrapper">
        <img width="1024" height="741" src="https://zesar.ch/wp-content/uploads/2022/10/Philippe-lehmann-1-1024x741.png" class="attachment-large size-large has-transparency" alt="" decoding="async" loading="lazy" srcset="https://zesar.ch/wp-content/uploads/2022/10/Philippe-lehmann-1-1024x741.png 1024w, https://zesar.ch/wp-content/uploads/2022/10/Philippe-lehmann-1-300x217.png 300w, https://zesar.ch/wp-content/uploads/2022/10/Philippe-lehmann-1-768x556.png 768w, https://zesar.ch/wp-content/uploads/2022/10/Philippe-lehmann-1-18x12.png 18w, https://zesar.ch/wp-content/uploads/2022/10/Philippe-lehmann-1-350x253.png 350w, https://zesar.ch/wp-content/uploads/2022/10/Philippe-lehmann-1-600x434.png 600w, https://zesar.ch/wp-content/uploads/2022/10/Philippe-lehmann-1.png 1080w" sizes="(max-width: 1024px) 100vw, 1024px" data-has-transparency="true" data-dominant-color="b9b0a9" style="--dominant-color: #b9b0a9;" />    </div>
    <div class="data-wrapper">
        <strong>
            Philippe Lehmann                            <span class="position">Membre de la direction<span>
                    </strong>
                    <span class="responsibility">Responsable des ventes - Suisse romande &amp; Haut-Valais</span>
                            <footer class="contact">
                                    <a href="mailto:philippe.lehmann@zesar.ch" class="email">philippe.lehmann@zesar.ch</a>
                                                    <a href="tel:079 100 23 23" class="phone">079 100 23 23</a>
                            </footer>
            </div>
</article>            <article class="post-715 employee type-employee status-publish hentry department-verkauf employee_cat-ansprechpartner-bildung" data-categories="verkauf">
    <div class="image-wrapper">
        <img width="1024" height="741" src="https://zesar.ch/wp-content/uploads/2022/10/Anita-Althaus-1024x741.png" class="attachment-large size-large not-transparent" alt="" decoding="async" loading="lazy" srcset="https://zesar.ch/wp-content/uploads/2022/10/Anita-Althaus-1024x741.png 1024w, https://zesar.ch/wp-content/uploads/2022/10/Anita-Althaus-350x253.png 350w, https://zesar.ch/wp-content/uploads/2022/10/Anita-Althaus-600x434.png 600w, https://zesar.ch/wp-content/uploads/2022/10/Anita-Althaus-300x217.png 300w, https://zesar.ch/wp-content/uploads/2022/10/Anita-Althaus-768x556.png 768w, https://zesar.ch/wp-content/uploads/2022/10/Anita-Althaus-18x12.png 18w, https://zesar.ch/wp-content/uploads/2022/10/Anita-Althaus.png 1080w" sizes="(max-width: 1024px) 100vw, 1024px" data-has-transparency="false" data-dominant-color="c2bbb5" style="--dominant-color: #c2bbb5;" />    </div>
    <div class="data-wrapper">
        <strong>
            Anita Althaus                    </strong>
                    <span class="responsibility">Conseillère de vente - Suisse alémanique – Cantons de Berne et Fribourg</span>
                            <footer class="contact">
                                    <a href="mailto:anita.althaus@zesar.ch" class="email">anita.althaus@zesar.ch</a>
                                                    <a href="tel:079 797 59 65" class="phone">079 797 59 65</a>
                            </footer>
            </div>
</article>    </div></div>



<div class="is-layout-constrained wp-block-group hide-on-desktop is-style-box has-white-background-color has-background">
<h4 class="has-primary-color has-text-color">Visio-conférence</h4>



<p>Nous pouvons aussi nous rencontrer virtuellement.</p>



<div class="is-layout-flex wp-block-buttons">
<div class="wp-block-button is-style-small"><a class="wp-block-button__link wp-element-button" href="/fr/">Planifier un rendez-vous</a></div>
</div>
</div>
</div>

<p>Unsere Leistungen im Bereich Bildung&nbsp; Profitieren Sie von unserer langjährigen Erfahrung im Bereich des Schulmobiliars. Gemeinsam gestalten wir moderne Lernräume und fördern die gesunde Haltung von Lernenden jeden Alters.&nbsp;</p>
