{"id":3065,"date":"2022-10-23T10:46:00","date_gmt":"2022-10-23T08:46:00","guid":{"rendered":"https:\/\/zesar.dev.hayloft-it.ch\/?page_id=3065"},"modified":"2022-12-23T14:04:06","modified_gmt":"2022-12-23T13:04:06","slug":"virtueller-firmenrundgang","status":"publish","type":"page","link":"https:\/\/zesar.ch\/fr\/entreprise\/visite-virtuelle-de-entreprise\/","title":{"rendered":"Visite virtuelle de l'entreprise"},"content":{"rendered":"<div class=\"is-layout-constrained wp-block-group alignfull header-with-title-lead-and-shifted-up-content\">\n<div class=\"is-layout-constrained wp-container-1 wp-block-group title-wrapper has-spacing-bottom\">\n<h1>Visite virtuelle de l'entreprise<\/h1>\n\n\n\n<p>Nous vous ouvrons nos portes. La visite virtuelle de notre site vous permettra d'avoir un aper\u00e7u de notre production et de notre travail au quotidien. Entrez et apprenez-en plus sur nous, nos produits et nos services.<\/p>\n<\/div>\n\n\n\n<div class=\"is-layout-constrained wp-block-group alignfull has-grey-to-light-grey-gradient-background has-background\">\n<div class=\"is-layout-flow wp-block-group alignwide is-shifted-up\">\n\n<iframe src=\"https:\/\/zesar-tour.hayloft-it.ch\/fr\"><\/iframe>\n\n\n\n<div style=\"height:100px\" aria-hidden=\"true\" class=\"wp-block-spacer\"><\/div>\n\n\n\n<div class=\"is-content-justification-center is-layout-flex wp-container-2 wp-block-buttons\">\n<div class=\"wp-block-button is-style-fill\"><a class=\"wp-block-button__link wp-element-button\" href=\"https:\/\/zesar-tour.hayloft-it.ch\/fr\" target=\"_blank\" rel=\"noreferrer noopener\">Visite guid\u00e9e de l'entreprise en plein \u00e9cran<\/a><\/div>\n<\/div>\n<\/div>\n<\/div>\n<\/div>\n\n\n\n<div class=\"is-layout-constrained wp-block-group alignwide contact-persons\">\n<div class=\"is-layout-constrained wp-block-group\">\n<h2>Pouvons-nous \u00e9galement \u00e9quiper vos locaux ?<\/h2>\n\n\n\n<p class=\"has-medium-font-size\">Notre \u00e9quipe se tient \u00e0 votre disposition pour r\u00e9pondre \u00e0 vos questions.<\/p>\n<\/div>\n\n\n\n<div style=\"height:100px\" aria-hidden=\"true\" class=\"wp-block-spacer\"><\/div>\n\n\n\n<div class=\"is-layout-constrained wp-block-group alignwide\">\n<h3>Vos contacts<\/h3>\n\n\n<div id=\"block_877a1313c7521437f26e14337627e4aa\" class=\"wp-block-employees alignwide\">\n            <article class=\"post-715 employee type-employee status-publish hentry department-verkauf employee_cat-ansprechpartner-bildung\" data-categories=\"verkauf\">\n    <div class=\"image-wrapper\">\n        <img width=\"1024\" height=\"741\" src=\"https:\/\/zesar.ch\/wp-content\/uploads\/2022\/10\/Anita-Althaus-1024x741.png\" class=\"attachment-large size-large not-transparent\" alt=\"\" decoding=\"async\" loading=\"lazy\" srcset=\"https:\/\/zesar.ch\/wp-content\/uploads\/2022\/10\/Anita-Althaus-1024x741.png 1024w, https:\/\/zesar.ch\/wp-content\/uploads\/2022\/10\/Anita-Althaus-350x253.png 350w, https:\/\/zesar.ch\/wp-content\/uploads\/2022\/10\/Anita-Althaus-600x434.png 600w, https:\/\/zesar.ch\/wp-content\/uploads\/2022\/10\/Anita-Althaus-300x217.png 300w, https:\/\/zesar.ch\/wp-content\/uploads\/2022\/10\/Anita-Althaus-768x556.png 768w, https:\/\/zesar.ch\/wp-content\/uploads\/2022\/10\/Anita-Althaus-18x12.png 18w, https:\/\/zesar.ch\/wp-content\/uploads\/2022\/10\/Anita-Althaus.png 1080w\" sizes=\"(max-width: 1024px) 100vw, 1024px\" data-has-transparency=\"false\" data-dominant-color=\"c2bbb5\" style=\"--dominant-color: #c2bbb5;\" \/>    <\/div>\n    <div class=\"data-wrapper\">\n        <strong>\n            Anita Althaus                    <\/strong>\n                    <span class=\"responsibility\">Conseill\u00e8re de vente - Suisse al\u00e9manique \u2013 Cantons de Berne et Fribourg<\/span>\n                            <footer class=\"contact\">\n                                    <a href=\"mailto:anita.althaus@zesar.ch\" class=\"email\">anita.althaus@zesar.ch<\/a>\n                                                    <a href=\"tel:079 797 59 65\" class=\"phone\">079 797 59 65<\/a>\n                            <\/footer>\n            <\/div>\n<\/article>            <article class=\"post-8767 employee type-employee status-publish hentry department-verkauf employee_cat-ansprechpartner-bildung\" data-categories=\"verkauf\">\n    <div class=\"image-wrapper\">\n        <img width=\"1024\" height=\"741\" src=\"https:\/\/zesar.ch\/wp-content\/uploads\/2024\/08\/xavier-pillonel.png\" class=\"attachment-large size-large not-transparent\" alt=\"\" decoding=\"async\" loading=\"lazy\" srcset=\"https:\/\/zesar.ch\/wp-content\/uploads\/2024\/08\/xavier-pillonel.png 1024w, https:\/\/zesar.ch\/wp-content\/uploads\/2024\/08\/xavier-pillonel-300x217.png 300w, https:\/\/zesar.ch\/wp-content\/uploads\/2024\/08\/xavier-pillonel-768x556.png 768w, https:\/\/zesar.ch\/wp-content\/uploads\/2024\/08\/xavier-pillonel-18x12.png 18w, https:\/\/zesar.ch\/wp-content\/uploads\/2024\/08\/xavier-pillonel-350x253.png 350w, https:\/\/zesar.ch\/wp-content\/uploads\/2024\/08\/xavier-pillonel-600x434.png 600w\" sizes=\"(max-width: 1024px) 100vw, 1024px\" data-has-transparency=\"false\" data-dominant-color=\"bcb7b4\" style=\"--dominant-color: #bcb7b4;\" \/>    <\/div>\n    <div class=\"data-wrapper\">\n        <strong>\n            Xavier Pillonel                    <\/strong>\n                    <span class=\"responsibility\">Conseiller de vente - mobilier scolaire - Cantons de Gen\u00e8ve et Vaud<\/span>\n                            <footer class=\"contact\">\n                                    <a href=\"mailto:xavier.pillonel@zesar.ch\" class=\"email\">xavier.pillonel@zesar.ch<\/a>\n                                                    <a href=\"tel:079 175 89 29\" class=\"phone\">079 175 89 29<\/a>\n                            <\/footer>\n            <\/div>\n<\/article>            <article class=\"post-717 employee type-employee status-publish hentry department-geschaeftsleitung department-verkauf employee_cat-ansprechpartner-bildung employee_cat-ansprechpartner-industrie\" data-categories=\"geschaeftsleitung verkauf\">\n    <div class=\"image-wrapper\">\n        <img width=\"1024\" height=\"741\" src=\"https:\/\/zesar.ch\/wp-content\/uploads\/2022\/10\/Philippe-lehmann-1-1024x741.png\" class=\"attachment-large size-large has-transparency\" alt=\"\" decoding=\"async\" loading=\"lazy\" srcset=\"https:\/\/zesar.ch\/wp-content\/uploads\/2022\/10\/Philippe-lehmann-1-1024x741.png 1024w, https:\/\/zesar.ch\/wp-content\/uploads\/2022\/10\/Philippe-lehmann-1-300x217.png 300w, https:\/\/zesar.ch\/wp-content\/uploads\/2022\/10\/Philippe-lehmann-1-768x556.png 768w, https:\/\/zesar.ch\/wp-content\/uploads\/2022\/10\/Philippe-lehmann-1-18x12.png 18w, https:\/\/zesar.ch\/wp-content\/uploads\/2022\/10\/Philippe-lehmann-1-350x253.png 350w, https:\/\/zesar.ch\/wp-content\/uploads\/2022\/10\/Philippe-lehmann-1-600x434.png 600w, https:\/\/zesar.ch\/wp-content\/uploads\/2022\/10\/Philippe-lehmann-1.png 1080w\" sizes=\"(max-width: 1024px) 100vw, 1024px\" data-has-transparency=\"true\" data-dominant-color=\"b9b0a9\" style=\"--dominant-color: #b9b0a9;\" \/>    <\/div>\n    <div class=\"data-wrapper\">\n        <strong>\n            Philippe Lehmann                            <span class=\"position\">Membre de la direction<span>\n                    <\/strong>\n                    <span class=\"responsibility\">Responsable des ventes - Suisse romande &amp; Haut-Valais<\/span>\n                            <footer class=\"contact\">\n                                    <a href=\"mailto:philippe.lehmann@zesar.ch\" class=\"email\">philippe.lehmann@zesar.ch<\/a>\n                                                    <a href=\"tel:079 100 23 23\" class=\"phone\">079 100 23 23<\/a>\n                            <\/footer>\n            <\/div>\n<\/article>            <article class=\"post-721 employee type-employee status-publish hentry department-verkauf employee_cat-ansprechpartner-bildung\" data-categories=\"verkauf\">\n    <div class=\"image-wrapper\">\n        <img width=\"1024\" height=\"741\" src=\"https:\/\/zesar.ch\/wp-content\/uploads\/2022\/10\/Czemp-1024x741.png\" class=\"attachment-large size-large not-transparent\" alt=\"\" decoding=\"async\" loading=\"lazy\" srcset=\"https:\/\/zesar.ch\/wp-content\/uploads\/2022\/10\/Czemp-1024x741.png 1024w, https:\/\/zesar.ch\/wp-content\/uploads\/2022\/10\/Czemp-350x253.png 350w, https:\/\/zesar.ch\/wp-content\/uploads\/2022\/10\/Czemp-600x434.png 600w, https:\/\/zesar.ch\/wp-content\/uploads\/2022\/10\/Czemp-300x217.png 300w, https:\/\/zesar.ch\/wp-content\/uploads\/2022\/10\/Czemp-768x556.png 768w, https:\/\/zesar.ch\/wp-content\/uploads\/2022\/10\/Czemp-18x12.png 18w, https:\/\/zesar.ch\/wp-content\/uploads\/2022\/10\/Czemp.png 1080w\" sizes=\"(max-width: 1024px) 100vw, 1024px\" data-has-transparency=\"false\" data-dominant-color=\"cdc6c0\" style=\"--dominant-color: #cdc6c0;\" \/>    <\/div>\n    <div class=\"data-wrapper\">\n        <strong>\n            Christof Zemp                    <\/strong>\n                    <span class=\"responsibility\">Conseiller de vente \u2013 Suisse al\u00e9manique - Est, Nord-Est et Suisse centrale<\/span>\n                            <footer class=\"contact\">\n                                    <a href=\"mailto:christof.zemp@zesar.ch\" class=\"email\">christof.zemp@zesar.ch<\/a>\n                                                    <a href=\"tel:079 100 41 41\" class=\"phone\">079 100 41 41<\/a>\n                            <\/footer>\n            <\/div>\n<\/article>    <\/div><\/div>\n\n\n\n<div class=\"is-layout-constrained wp-block-group hide-on-desktop is-style-box has-white-background-color has-background\">\n<h4 class=\"has-primary-color has-text-color\">Visio-conf\u00e9rence<\/h4>\n\n\n\n<p>Nous pouvons aussi nous rencontrer virtuellement.<\/p>\n\n\n\n<div class=\"is-layout-flex wp-block-buttons\">\n<div class=\"wp-block-button is-style-small\"><a class=\"wp-block-button__link wp-element-button\" href=\"\/fr\/\">Planifier un rendez-vous<\/a><\/div>\n<\/div>\n<\/div>\n<\/div>","protected":false},"excerpt":{"rendered":"<p>Virtueller Firmenrundgang Wir \u00f6ffnen die T\u00fcren f\u00fcr Sie. Besuchen Sie unser Unternehmen virtuell und erhalten Sie einen Einblick von unserem Standort, der Produktion und unserer t\u00e4glichen Arbeit. Treten Sie ein und erfahren Sie mehr \u00fcber uns, unsere Produkte und Dienstleistungen.<\/p>","protected":false},"author":16,"featured_media":0,"parent":439,"menu_order":0,"comment_status":"closed","ping_status":"closed","template":"","meta":[],"acf":[],"_links":{"self":[{"href":"https:\/\/zesar.ch\/fr\/wp-json\/wp\/v2\/pages\/3065"}],"collection":[{"href":"https:\/\/zesar.ch\/fr\/wp-json\/wp\/v2\/pages"}],"about":[{"href":"https:\/\/zesar.ch\/fr\/wp-json\/wp\/v2\/types\/page"}],"author":[{"embeddable":true,"href":"https:\/\/zesar.ch\/fr\/wp-json\/wp\/v2\/users\/16"}],"replies":[{"embeddable":true,"href":"https:\/\/zesar.ch\/fr\/wp-json\/wp\/v2\/comments?post=3065"}],"version-history":[{"count":27,"href":"https:\/\/zesar.ch\/fr\/wp-json\/wp\/v2\/pages\/3065\/revisions"}],"predecessor-version":[{"id":10751,"href":"https:\/\/zesar.ch\/fr\/wp-json\/wp\/v2\/pages\/3065\/revisions\/10751"}],"up":[{"embeddable":true,"href":"https:\/\/zesar.ch\/fr\/wp-json\/wp\/v2\/pages\/439"}],"wp:attachment":[{"href":"https:\/\/zesar.ch\/fr\/wp-json\/wp\/v2\/media?parent=3065"}],"curies":[{"name":"wp","href":"https:\/\/api.w.org\/{rel}","templated":true}]}}

<div class="is-layout-constrained wp-block-group alignfull header-with-title-lead-and-shifted-up-content">
<div class="is-layout-constrained wp-container-1 wp-block-group title-wrapper has-spacing-bottom">
<h1>Visite virtuelle de l'entreprise</h1>



<p>Nous vous ouvrons nos portes. La visite virtuelle de notre site vous permettra d'avoir un aperçu de notre production et de notre travail au quotidien. Entrez et apprenez-en plus sur nous, nos produits et nos services.</p>
</div>



<div class="is-layout-constrained wp-block-group alignfull has-grey-to-light-grey-gradient-background has-background">
<div class="is-layout-flow wp-block-group alignwide is-shifted-up">

<iframe src="https://zesar-tour.hayloft-it.ch/fr"></iframe>



<div style="height:100px" aria-hidden="true" class="wp-block-spacer"></div>



<div class="is-content-justification-center is-layout-flex wp-container-2 wp-block-buttons">
<div class="wp-block-button is-style-fill"><a class="wp-block-button__link wp-element-button" href="https://zesar-tour.hayloft-it.ch/fr" target="_blank" rel="noreferrer noopener">Visite guidée de l'entreprise en plein écran</a></div>
</div>
</div>
</div>
</div>



<div class="is-layout-constrained wp-block-group alignwide contact-persons">
<div class="is-layout-constrained wp-block-group">
<h2>Pouvons-nous également équiper vos locaux ?</h2>



<p class="has-medium-font-size">Notre équipe se tient à votre disposition pour répondre à vos questions.</p>
</div>



<div style="height:100px" aria-hidden="true" class="wp-block-spacer"></div>



<div class="is-layout-constrained wp-block-group alignwide">
<h3>Vos contacts</h3>


<div id="block_877a1313c7521437f26e14337627e4aa" class="wp-block-employees alignwide">
            <article class="post-715 employee type-employee status-publish hentry department-verkauf employee_cat-ansprechpartner-bildung" data-categories="verkauf">
    <div class="image-wrapper">
        <img width="1024" height="741" src="https://zesar.ch/wp-content/uploads/2022/10/Anita-Althaus-1024x741.png" class="attachment-large size-large not-transparent" alt="" decoding="async" loading="lazy" srcset="https://zesar.ch/wp-content/uploads/2022/10/Anita-Althaus-1024x741.png 1024w, https://zesar.ch/wp-content/uploads/2022/10/Anita-Althaus-350x253.png 350w, https://zesar.ch/wp-content/uploads/2022/10/Anita-Althaus-600x434.png 600w, https://zesar.ch/wp-content/uploads/2022/10/Anita-Althaus-300x217.png 300w, https://zesar.ch/wp-content/uploads/2022/10/Anita-Althaus-768x556.png 768w, https://zesar.ch/wp-content/uploads/2022/10/Anita-Althaus-18x12.png 18w, https://zesar.ch/wp-content/uploads/2022/10/Anita-Althaus.png 1080w" sizes="(max-width: 1024px) 100vw, 1024px" data-has-transparency="false" data-dominant-color="c2bbb5" style="--dominant-color: #c2bbb5;" />    </div>
    <div class="data-wrapper">
        <strong>
            Anita Althaus                    </strong>
                    <span class="responsibility">Conseillère de vente - Suisse alémanique – Cantons de Berne et Fribourg</span>
                            <footer class="contact">
                                    <a href="mailto:anita.althaus@zesar.ch" class="email">anita.althaus@zesar.ch</a>
                                                    <a href="tel:079 797 59 65" class="phone">079 797 59 65</a>
                            </footer>
            </div>
</article>            <article class="post-8767 employee type-employee status-publish hentry department-verkauf employee_cat-ansprechpartner-bildung" data-categories="verkauf">
    <div class="image-wrapper">
        <img width="1024" height="741" src="https://zesar.ch/wp-content/uploads/2024/08/xavier-pillonel.png" class="attachment-large size-large not-transparent" alt="" decoding="async" loading="lazy" srcset="https://zesar.ch/wp-content/uploads/2024/08/xavier-pillonel.png 1024w, https://zesar.ch/wp-content/uploads/2024/08/xavier-pillonel-300x217.png 300w, https://zesar.ch/wp-content/uploads/2024/08/xavier-pillonel-768x556.png 768w, https://zesar.ch/wp-content/uploads/2024/08/xavier-pillonel-18x12.png 18w, https://zesar.ch/wp-content/uploads/2024/08/xavier-pillonel-350x253.png 350w, https://zesar.ch/wp-content/uploads/2024/08/xavier-pillonel-600x434.png 600w" sizes="(max-width: 1024px) 100vw, 1024px" data-has-transparency="false" data-dominant-color="bcb7b4" style="--dominant-color: #bcb7b4;" />    </div>
    <div class="data-wrapper">
        <strong>
            Xavier Pillonel                    </strong>
                    <span class="responsibility">Conseiller de vente - mobilier scolaire - Cantons de Genève et Vaud</span>
                            <footer class="contact">
                                    <a href="mailto:xavier.pillonel@zesar.ch" class="email">xavier.pillonel@zesar.ch</a>
                                                    <a href="tel:079 175 89 29" class="phone">079 175 89 29</a>
                            </footer>
            </div>
</article>            <article class="post-717 employee type-employee status-publish hentry department-geschaeftsleitung department-verkauf employee_cat-ansprechpartner-bildung employee_cat-ansprechpartner-industrie" data-categories="geschaeftsleitung verkauf">
    <div class="image-wrapper">
        <img width="1024" height="741" src="https://zesar.ch/wp-content/uploads/2022/10/Philippe-lehmann-1-1024x741.png" class="attachment-large size-large has-transparency" alt="" decoding="async" loading="lazy" srcset="https://zesar.ch/wp-content/uploads/2022/10/Philippe-lehmann-1-1024x741.png 1024w, https://zesar.ch/wp-content/uploads/2022/10/Philippe-lehmann-1-300x217.png 300w, https://zesar.ch/wp-content/uploads/2022/10/Philippe-lehmann-1-768x556.png 768w, https://zesar.ch/wp-content/uploads/2022/10/Philippe-lehmann-1-18x12.png 18w, https://zesar.ch/wp-content/uploads/2022/10/Philippe-lehmann-1-350x253.png 350w, https://zesar.ch/wp-content/uploads/2022/10/Philippe-lehmann-1-600x434.png 600w, https://zesar.ch/wp-content/uploads/2022/10/Philippe-lehmann-1.png 1080w" sizes="(max-width: 1024px) 100vw, 1024px" data-has-transparency="true" data-dominant-color="b9b0a9" style="--dominant-color: #b9b0a9;" />    </div>
    <div class="data-wrapper">
        <strong>
            Philippe Lehmann                            <span class="position">Membre de la direction<span>
                    </strong>
                    <span class="responsibility">Responsable des ventes - Suisse romande &amp; Haut-Valais</span>
                            <footer class="contact">
                                    <a href="mailto:philippe.lehmann@zesar.ch" class="email">philippe.lehmann@zesar.ch</a>
                                                    <a href="tel:079 100 23 23" class="phone">079 100 23 23</a>
                            </footer>
            </div>
</article>            <article class="post-721 employee type-employee status-publish hentry department-verkauf employee_cat-ansprechpartner-bildung" data-categories="verkauf">
    <div class="image-wrapper">
        <img width="1024" height="741" src="https://zesar.ch/wp-content/uploads/2022/10/Czemp-1024x741.png" class="attachment-large size-large not-transparent" alt="" decoding="async" loading="lazy" srcset="https://zesar.ch/wp-content/uploads/2022/10/Czemp-1024x741.png 1024w, https://zesar.ch/wp-content/uploads/2022/10/Czemp-350x253.png 350w, https://zesar.ch/wp-content/uploads/2022/10/Czemp-600x434.png 600w, https://zesar.ch/wp-content/uploads/2022/10/Czemp-300x217.png 300w, https://zesar.ch/wp-content/uploads/2022/10/Czemp-768x556.png 768w, https://zesar.ch/wp-content/uploads/2022/10/Czemp-18x12.png 18w, https://zesar.ch/wp-content/uploads/2022/10/Czemp.png 1080w" sizes="(max-width: 1024px) 100vw, 1024px" data-has-transparency="false" data-dominant-color="cdc6c0" style="--dominant-color: #cdc6c0;" />    </div>
    <div class="data-wrapper">
        <strong>
            Christof Zemp                    </strong>
                    <span class="responsibility">Conseiller de vente – Suisse alémanique - Est, Nord-Est et Suisse centrale</span>
                            <footer class="contact">
                                    <a href="mailto:christof.zemp@zesar.ch" class="email">christof.zemp@zesar.ch</a>
                                                    <a href="tel:079 100 41 41" class="phone">079 100 41 41</a>
                            </footer>
            </div>
</article>    </div></div>



<div class="is-layout-constrained wp-block-group hide-on-desktop is-style-box has-white-background-color has-background">
<h4 class="has-primary-color has-text-color">Visio-conférence</h4>



<p>Nous pouvons aussi nous rencontrer virtuellement.</p>



<div class="is-layout-flex wp-block-buttons">
<div class="wp-block-button is-style-small"><a class="wp-block-button__link wp-element-button" href="/fr/">Planifier un rendez-vous</a></div>
</div>
</div>
</div>

<p>Virtueller Firmenrundgang Wir öffnen die Türen für Sie. Besuchen Sie unser Unternehmen virtuell und erhalten Sie einen Einblick von unserem Standort, der Produktion und unserer täglichen Arbeit. Treten Sie ein und erfahren Sie mehr über uns, unsere Produkte und Dienstleistungen.</p>
